(0 - 4) + -1 + 5 + 7.
7
What is the value of -22 - (29 + (-53 - -23))?
-21
-27 - 0 - -28 - 23
-22
Evaluate -6 - (15 + -29 + -1).
9
What is -14 + -18 + (33 - 7) - (-2 + 4)?
-8
Evaluate 4 + 1 + (-19 - 2 - -17).
1
Evaluate (-14 - 34 - -46) + (2 - -19).
19
What is the value of (88 - 109) + 0 + 4?
-17
0 + -5 + (-51 - -60) - 13
-9
Calculate -114 + 125 + -34 + 1 - -3.
-19
What is 25 + -28 + -10 + 21?
8
What is the value of (3 - 11) + 3 + 6 + 21 + 1?
23
Calculate 25 - (-34 - -47 - (3 + 6)).
21
What is the value of 19 + 5 + -13 + -10 + 1?
2
-6 - (7 - (-1 + 18) - 7)
11
What is (-26 - (-36 - 2)) + -5?
7
What is 8 + 9 + 15 + -15 + 2?
19
(-215 - -220) + (-2 - 14)
-11
What is the value of 11 - (-13 + 3 + (15 - (-7 - -21)))?
20
Evaluate (7 + -14 - -12) + 0.
5
Calculate 10 + (-14 + 3 - (0 - 0)).
-1
Calculate -7 + (15 - 6 - (4 - -18)).
-20
Evaluate 7 - -5 - 18 - -3.
-3
5 + (8 - (11 + -3 - -8))
-3
Evaluate 3097 + -3080 - (0 + (12 - -2)).
3
What is the value of -19 + 26 + -5 + -5?
-3
Evaluate (252 - 243) + (-18 - 2).
-11
Calculate (-10 - -7) + 13 + -12.
-2
Calculate -4 + (0 - -10) + -9 - 9.
-12
What is -11 - ((-2 - (-6 - -14)) + 0)?
-1
What is the value of (1 - -19) + -12 + -4 + -4 + -2?
-2
19 + (-28 - -43 - 1)
33
What is the value of 10 + -14 - (4 + -5 - (7 + -1))?
3
What is (6 - 2) + -5 + 21 + -14?
6
50 + -24 + -39 + (6 - 1)
-8
Calculate -4 + 0 + 7 + -5 - (3 - 1).
-4
-1 - (23 + -13) - (-4 + -32)
25
What is (9 + -14 - 8) + 6?
-7
What is the value of -4 + -1 + 7 + (-2 - (2 - 7))?
5
-9 + -6 + 37 + (-3 - 7)
12
Evaluate -255 - -277 - (0 + 15) - (-1 + -2).
10
What is 31 + (-10 - -17) + -20?
18
Calculate 10 + 3 + -4 + 3 + -9.
3
109 + -104 + (1 - 1)
5
What is -41 + 93 + -56 + -16 + 0?
-20
What is the value of 9 + (-24 - -22) + (-1 - 1)?
5
Evaluate -8 - ((0 - 10 - -2) + 20 + 1).
-21
(12 - 1) + (26 - 53 - -27)
11
1 - (13 + -14) - -4
6
Evaluate 13 - (17 - (-12 - 5)).
-21
What is 4 + (18 + -12 - 7)?
3
What is 0 + (8 - (-9 + 7)) - 8 - 10?
-8
What is the value of -14 + 12 + -11 - -9?
-4
What is (3 + 7 + -15 - 8) + 1?
-12
Evaluate 2 + (4 - (-1 + 0 - (68 + -79))).
-4
Calculate -3249 + 3255 + (-25 - 1).
-20
What is (21 - 0) + (9 - 1) + (-268 - -252)?
13
Calculate (536 - 521) + (0 - 2 - 1) - 5.
7
Calculate 6 + 8 + -11 + 4.
7
What is (48 - 46) + -16 + 3?
-11
Evaluate -6 + -1 + (-26 + 15 - (0 + -7)).
-11
4 + -15 + -4 - -15
0
What is the value of -7 - ((-1 - (-1 - 5)) + (-14 - -4))?
-2
What is the value of -3 + 6 - (36 + -33)?
0
Evaluate (-8 - (-26 + 24) - -1) + (0 - 5).
-10
(-5 - 0) + (22 - 17) + -19 + 15
-4
What is the value of (-5 - 3) + 3 + (-7 - -12) + -6?
-6
Calculate -5 + (1 - (3 + -5)) + 55 + -72.
-19
What is (5 - -1) + (0 + -28 - -8) - 12?
-26
What is 148 - 154 - (-3 + 14)?
-17
Evaluate -12 - -1 - (-4 - 9).
2
Calculate -1 + -5 - (255 - 262) - -9.
10
What is 12 - (-1 + 1) - (-63 - -137 - 69)?
7
What is (-6 - ((-4 - -7) + -20 + 6)) + -11?
-6
(111 - 93) + (1 - 44)
-25
-3 - (-6 + 0) - 1
2
Evaluate 8 - (51 - 38 - (0 - -18)).
13
-9 - -3 - (-27 - -29)
-8
What is the value of 0 - (4 + 0 - (12 + (-18 - -2)))?
-8
What is the value of 0 - 46 - -42 - (0 + 6)?
-10
What is the value of 3 - 6 - 1 - -22 - (52 + -51)?
17
Calculate 0 - (17 + -9 + -7).
-1
Calculate (10 - -2 - 10) + -2 + 6.
6
3 + (-18 - -4 - -5)
-6
Calculate 73 + -74 + 25 + (0 - 3).
21
Calculate -10 + 6 + (17 - -1) - (-3 - -5).
12
What is 1 - (11 + -12 - (4 - 19))?
-13
What is the value of 5 + -6 + 4 + -4 + 6 - 0?
5
Evaluate (-3 - 17) + (210 - 194).
-4
What is the value of -1 + -30 + (-35 - -61)?
-5
What is 0 + (0 - 7) + -3 - 4?
-14
What is -15 + (-12 - -3 - -11)?
-13
What is 28 - 11 - 21 - (-22 + 3 + -1)?
16
(-2 - -1) + (-6 - (17 + -10))
-14
What is the value of 3 + 13 + -19 + -6?
-9
Calculate -11 + (10 - 1) - -9 - -6.
13
-81 - -34 - (0 + -14) - 2
-35
Evaluate (-125 - -108) + (3 - -31).
17
What is 11 - (-10 + 7 + 7 + 20)?
-13
Evaluate (1 - -2) + 0 + -1222 + 1214.
-5
What is the value of (6 + -5 + 5 + -4 - 3) + -6?
-7
-43 - (-95 - -39 - -21)
-8
-26 - -40 - -4 - (10 + -1)
9
Evaluate -1 + 4 + -7 + (-1 - 1 - 0).
-6
-12 - (9 + 0 + -6 + -12)
-3
What is the value of -1 + (2 - (11 - 0 - 5))?
-5
Evaluate (9 - 21) + 19 + 24.
31
0 + 6 - (22 - (-19 - 0 - 1))
-36
Evaluate -15 - -1 - ((21 - 32) + 1).
-4
What is -10 - (7 - 6) - -13 - 9?
-7
Calculate -6 - -23 - 7 - -1 - (-2 - -14).
-1
What is the value of (4 - -1) + 1 + -2 - (-8 - -4)?
8
Calculate -1 + 2 + (-2 - 3) - (111 + -134).
19
What is the value of 0 + 7 + (7 - 14)?
0
Evaluate 8 - (6 + 2) - -17.
17
What is the value of (-3 - 1) + -30 + 25 - (-6 + 2)?
-5
What is the value of (8 - 1) + (-61 - -28 - -35)?
9
Evaluate (5 - (-56 - -14)) + -16 + 0.
31
15 + -29 - (2 - -2 - (-3 - -5))
-16
-23 + 22 + 10 - (2 + -1)
8
2 + (-15 - -8 - -17)
12
Calculate (-16 - (-46 - -11)) + 6.
25
Calculate -27 + 9 - (2 + -29).
9
Calculate 5 - ((20 - 3) + -28).
16
-28 + 22 + 4 + (-2 - 1) + 7
2
Calculate -3 + -4 + (-1 - -14) + -18 + 17.
5
What is the value of -7 + (3 - (-6 + 11))?
-9
What is (37 - 27) + -1 + 2 + 2?
13
Evaluate (-36 - -8) + (23 - 6) - (0 - -4).
-15
-1 + -2 - (6 - (5 + -10))
-14
What is 14 - (11 - -20 - 16)?
-1
25 + (-1 - 11) - -10
23
Evaluate -7 + 12 - (-1 - (-9 - (-5 + 4))).
-2
-3 + (0 - -1) + (24 - (38 + -17))
1
-23 - (-2 + (10 - 8 - -5) + -9)
-19
-9 + 15 + -9 + -17
-20
What is the value of -8 + 21 + -15 + 12 + -23?
-13
Evaluate -10 - (8 - (-7 - -16)).
-9
What is the value of 22 + -7 + -18 + -16 + (-9 - -6)?
-22
What is 1 - -4 - (4 + 9 - -6 - 2)?
-12
What is the value of -18 + (10 - 5) - (19 + -8)?
-24
Calculate 102 - 107 - (-12 - 1 - (4 - 2)).
10
What is (-1 - -7) + (-10 - -10)?
6
What is the value of 26 + -5 - 0 - (6 + 1)?
14
What is (11 - 12) + 15 - 11?
3
Evaluate (-1 - -1 - -26) + (8 - 25 - -10).
19
Evaluate (-2 - (2 - 0)) + 68 + -69 - -7.
2
Evaluate 0 + -15 - (-46 + 44 - (2 + 1)).
-10
(-23 - -9) + -1 + 14
-1
What is the value of 9 - 10 - -1 - (-9 + -4 + 4)?
9
Evaluate -10 + -1 + (-18 - -58 - 10).
19
Evaluate -5 + (5 - (-7 - -3) - 8).
-4
Calculate -24 + -9 + 28 + 16.
11
What is 2 + (-3 - -6) + -54 + 41 - 18?
-26
Evaluate -2 + -1 + -5 + (-1 - -4) + 14.
9
(107 - 118) + -3 + 1 + -2
-15
Evaluate 16 - (10 + 1 + -5) - -3.
13
What is (1 - 6 - (-15 - -2)) + -7 - 2?
-1
(20 - 16) + -13 - (-1 - (0 + -11))
-19
-12 + (7 - 14) - (1 - -5)
-25
Evaluate 8 - (-19 - (-22 - -6)).
11
Evaluate (-139 - -139 - (1 - -2)) + (10 - 1).
6
-8 - (-9 + -12 + 7)
6
What is the value of -6 + 19 + -12 - (6 + 5)?
-10
Evaluate -5 - -6 - 1 - (-14 - -7 - 0).
7
What is the value of -19 + 51 - 43 - (0 - (-1 + 2))?
-10
What is 0 + -12 - (-10 + (9 - (3 - -1)))?
-7
Evaluate 1 + -4 + 5 + 0 + 15 + -9.
8
What is the value of (8 - 13 - 4) + -6?
-15
Calculate (3 + 6 - 2 - 11) + -5 + 10.
1
What is the value of 4 + 0 - (25 + 3 + -19)?
-5
Evaluate 17 - (-5 + 20 + -4).
6
What is 0 - ((1 - -4) + -25)?
20
Evaluate -13 - (11 + -17) - 1.
-8
Evaluate 0 + 2 - -11 - (4 + 3) - -18.
24
Evaluate (0 - (8 - 8) - (0 + -4)) + 6.
10
What is (-3 - 6 - -2) + (8 - 3) + -8?
-10
What is the value of 10 - (-16 + 25 - 13)?
14
-12 - -2 - (-6 - (3 + -5)) - 1
-7
Calculate -4 - (-3 + -21 - -17).
3
-8 + (4 - (2 - 21))
15
What is -13 - (6 + -18 - (8 + -18 + 1))?
-10
4 + (-5 - -8) - (2 + -2)
7
Evaluate -21 + 12 - -15 - 22.
-16
What is 2 + 5 + (1 - 4 - (-5 + 5))?
4
What is the value of 2 + (-1 - (9 - 10) - 2) + -22?
-22
Calculate 2 - (7 + -7) - ((5 - 8) + 8).
-3
What is 70 - 82 - (10 + -4)?
-18
What is (25 - 3) + (-35 - -30)?
17
Evaluate -19 - (4 - (10 - -1)).
-12
What is 166 + -184 - (-32 - -1)?
13
What is -3 - (-4 + (-2 - -29)) - (-9 + 3)?
-20
What is the value of 2 + (11 - 21 - -19) - -6?
17
Evaluate -2 + (-10 - (-14 - 12)).
14
What is 33 + -39 + (3 + 2 - 2)?
-3
Calculate 2 - -6 - (6 - 2).
4
Calculate 8 - -2 - (4 + 4).
2
Evaluate 0 + (-8 - (-4 - 3)) - 5.
-6
Evaluate 21 + (5 - ((1 - -5) + 0) - 0).
20
What is the value of (-2 + -6 - 1) + -4 - -6?
-7
What is the value of 10 + 0 + 8 + -32 + 4 + 16?
6
-3 + 3 + (-139 - -128)
-11
What is -25 + (49 - 10) + -4 + 14?
24
What is 0 + 5 + -8 + -12 + 26?
11
Evaluate (1 - (0 + 11 - 5)) + 16.
11
(9 - -1) + 0 - (7 + -67 + 65)
5
What is -7 + 7 + -6 + 4 + 5?
3
Calculate -1 + -4 - (11 + -17 + -18 + 17).
2
-5 - -3 - (24 + -1 + -15)
-10
Calculate 35 - ((-3 - -4) + 20 + -7).
21
What is the value of -19 + 6 + (12 - 11)?
-12
16 + (-14 - 7) - 